the remainder when 409 is divided by 35?
24
Calculate the remainder when 84 is divided by 21.
0
What is the remainder when 674 is divided by 45?
44
Calculate the remainder when 326 is divided by 79.
10
What is the remainder when 318 is divided by 108?
102
Calculate the remainder when 452 is divided by 35.
32
What is the remainder when 45 is divided by 4?
1
What is the remainder when 1028 is divided by 103?
101
What is the remainder when 120 is divided by 37?
9
Calculate the remainder when 188 is divided by 44.
12
What is the remainder when 5757 is divided by 180?
177
Calculate the remainder when 2053 is divided by 41.
3
What is the remainder when 242 is divided by 41?
37
Calculate the remainder when 1722 is divided by 18.
12
Calculate the remainder when 6385 is divided by 8.
1
Calculate the remainder when 693 is divided by 51.
30
Calculate the remainder when 2821 is divided by 71.
52
Calculate the remainder when 3131 is divided by 6.
5
What is the remainder when 638 is divided by 32?
30
Calculate the remainder when 79 is divided by 6.
1
What is the remainder when 455 is divided by 38?
37
What is the remainder when 291 is divided by 103?
85
Calculate the remainder when 1318 is divided by 4.
2
What is the remainder when 383 is divided by 64?
63
Calculate the remainder when 1113 is divided by 1098.
15
Calculate the remainder when 340 is divided by 163.
14
What is the remainder when 78 is divided by 49?
29
What is the remainder when 158 is divided by 2?
0
What is the remainder when 1202 is divided by 196?
26
Calculate the remainder when 682 is divided by 201.
79
What is the remainder when 739 is divided by 146?
9
Calculate the remainder when 1328 is divided by 49.
5
Calculate the remainder when 183 is divided by 6.
3
What is the remainder when 15898 is divided by 150?
148
Calculate the remainder when 3450 is divided by 24.
18
Calculate the remainder when 3506 is divided by 293.
283
What is the remainder when 162 is divided by 154?
8
What is the remainder when 334 is divided by 267?
67
What is the remainder when 15523 is divided by 207?
205
What is the remainder when 61 is divided by 25?
11
What is the remainder when 75 is divided by 7?
5
Calculate the remainder when 106 is divided by 35.
1
Calculate the remainder when 146 is divided by 66.
14
What is the remainder when 333 is divided by 77?
25
Calculate the remainder when 74 is divided by 11.
8
What is the remainder when 203 is divided by 14?
7
Calculate the remainder when 1008 is divided by 202.
200
Calculate the remainder when 105 is divided by 18.
15
Calculate the remainder when 11988 is divided by 22.
20
What is the remainder when 166 is divided by 34?
30
Calculate the remainder when 1371 is divided by 13.
6
Calculate the remainder when 718 is divided by 58.
22
What is the remainder when 506 is divided by 27?
20
Calculate the remainder when 546 is divided by 144.
114
What is the remainder when 757 is divided by 112?
85
Calculate the remainder when 1880 is divided by 922.
36
Calculate the remainder when 2885 is divided by 483.
470
What is the remainder when 1497 is divided by 32?
25
What is the remainder when 213 is divided by 27?
24
What is the remainder when 293 is divided by 59?
57
What is the remainder when 5602 is divided by 63?
58
What is the remainder when 7693 is divided by 81?
79
Calculate the remainder when 247 is divided by 28.
23
What is the remainder when 4954 is divided by 42?
40
Calculate the remainder when 3191 is divided by 76.
75
What is the remainder when 30 is divided by 6?
0
What is the remainder when 80 is divided by 14?
10
Calculate the remainder when 507 is divided by 15.
12
Calculate the remainder when 64 is divided by 49.
15
Calculate the remainder when 101 is divided by 47.
7
Calculate the remainder when 172 is divided by 63.
46
What is the remainder when 274 is divided by 35?
29
Calculate the remainder when 228 is divided by 77.
74
Calculate the remainder when 1996 is divided by 18.
16
Calculate the remainder when 189 is divided by 96.
93
What is the remainder when 5780 is divided by 12?
8
Calculate the remainder when 449 is divided by 283.
166
What is the remainder when 191 is divided by 62?
5
Calculate the remainder when 21281 is divided by 55.
51
What is the remainder when 617 is divided by 70?
57
What is the remainder when 2695 is divided by 71?
68
Calculate the remainder when 212 is divided by 36.
32
What is the remainder when 823 is divided by 121?
97
Calculate the remainder when 288 is divided by 12.
0
What is the remainder when 1133 is divided by 81?
80
What is the remainder when 64 is divided by 55?
9
What is the remainder when 618 is divided by 62?
60
What is the remainder when 31556 is divided by 20?
16
What is the remainder when 1258 is divided by 140?
138
What is the remainder when 89 is divided by 23?
20
What is the remainder when 515 is divided by 86?
85
Calculate the remainder when 26 is divided by 10.
6
Calculate the remainder when 998 is divided by 250.
248
Calculate the remainder when 1510 is divided by 728.
54
Calculate the remainder when 10840 is divided by 139.
137
Calculate the remainder when 96 is divided by 42.
12
Calculate the remainder when 2161 is divided by 116.
73
What is the remainder when 2241 is divided by 102?
99
Calculate the remainder when 14718 is divided by 115.
113
Calculate the remainder when 1780 is divided by 112.
100
What is the remainder when 1083 is divided by 155?
153
Calculate the remainder when 274 is divided by 64.
18
Calculate the remainder when 113 is divided by 17.
11
What is the remainder when 292 is divided by 25?
17
What is the remainder when 267 is divided by 28?
15
Calculate the remainder when 573 is divided by 97.
88
Calculate the remainder when 111 is divided by 6.
3
What is the remainder when 92 is divided by 12?
8
Calculate the remainder when 40 is divided by 10.
0
What is the remainder when 202 is divided by 32?
10
Calculate the remainder when 1402 is divided by 89.
67
What is the remainder when 5412 is divided by 139?
130
Calculate the remainder when 56 is divided by 43.
13
What is the remainder when 463 is divided by 47?
40
What is the remainder when 280 is divided by 41?
34
Calculate the remainder when 94 is divided by 20.
14
What is the remainder when 19 is divided by 11?
8
What is the remainder when 504 is divided by 34?
28
Calculate the remainder when 99 is divided by 84.
15
Calculate the remainder when 375 is divided by 127.
121
What is the remainder when 850 is divided by 41?
30
What is the remainder when 142 is divided by 70?
2
Calculate the remainder when 372 is divided by 120.
12
Calculate the remainder when 5640 is divided by 26.
24
What is the remainder when 245 is divided by 112?
21
Calculate the remainder when 241 is divided by 231.
10
What is the remainder when 942 is divided by 102?
24
Calculate the remainder when 4119 is divided by 56.
31
What is the remainder when 2519 is divided by 150?
119
What is the remainder when 347 is divided by 89?
80
Calculate the remainder when 190 is divided by 15.
10
Calculate the remainder when 281 is divided by 2.
1
Calculate the remainder when 636 is divided by 46.
38
What is the remainder when 282 is divided by 77?
51
Calculate the remainder when 76 is divided by 38.
0
Calculate the remainder when 285 is divided by 36.
33
Calculate the remainder when 200 is divided by 51.
47
Calculate the remainder when 13881 is divided by 178.
175
Calculate the remainder when 545 is divided by 269.
7
Calculate the remainder when 1276 is divided by 628.
20
What is the remainder when 3606 is divided by 715?
31
What is the remainder when 253 is divided by 25?
3
What is the remainder when 91 is divided by 52?
39
Calculate the remainder when 367 is divided by 65.
42
What is the remainder when 677 is divided by 449?
228
Calculate the remainder when 35 is divided by 12.
11
Calculate the remainder when 77 is divided by 33.
11
Calculate the remainder when 1084 is divided by 35.
34
Calculate the remainder when 1568 is divided by 77.
28
Calculate the remainder when 327 is divided by 2.
1
What is the remainder when 116 is divided by 65?
51
Calculate the remainder when 935 is divided by 157.
150
What is the remainder when 505 is divided by 73?
67
Calculate the remainder when 125